 1. Let w(h) = h + 3. Let c(n) = -3*v(n) - w(n). Let f be c(5). What is the remainder when 11 is divided by (-1)/4 + (-125)/f?
5
Suppose 0 = -8*n + 3*n + 2*w - 9, -4*n + 2 = 3*w. Calculate the remainder when 87/3 + (-1 - n) is divided by 15.
14
Let z = 34 + -97. Let p be z/4 + (-2)/8. Calculate the remainder when 22 is divided by (2/(-4))/(1/p).
6
Suppose 0 - 5 = -h. Suppose -1 + 56 = h*l. Let b(m) = -m**3 + 6*m**2 + m - 5. Calculate the remainder when b(4) is divided by l.
9
Let g(b) = -b**2 - 17*b - 6. What is the remainder when 70 is divided by g(-15)?
22
Let p = -9 - -31. Calculate the remainder when 64 is divided by p/(-5)*1*-5.
20
Suppose -12 = 5*v - 267. Suppose -v = -5*y + 4. Let n(f) = 4*f**3 - f + 1. Calculate the remainder when y is divided by n(1).
3
Let f be (1/(-1))/(2/(-6)). Suppose -5*q = 2*w - 21, 2*q = -f*w - 0*w + 15. What is the remainder when 8 is divided by q?
2
Suppose -t - 2*t = -162. Let a = t - 27. Suppose 26 = 4*g - 2*p, 9*g - 3*p = 4*g + 32. What is the remainder when a is divided by g?
6
Let j(v) = v**2 - 4*v + 1. Suppose 3*m + 5 = -2*z, 0 = 5*z + 4*m - 0 - 5. Let y be j(z). What is the remainder when 23 is divided by (-210)/(-27) + y/27?
7
Suppose -8*v = -3*v - 120. Calculate the remainder when v is divided by 7.
3
Suppose 5*d = -4*o - 4 + 30, 2*o - 2*d = 4. Let p(m) = m**2 + 8*m + 6. Let z(y) = -9*y + 1. Let f be z(1). Calculate the remainder when p(f) is divided by o.
2
Let j = 24 + -14. Let b = 11 - -18. What is the remainder when b is divided by j?
9
Let l be ((-48)/4)/(-4) - 0. Suppose 0 = -l*d + 3 + 9. What is the remainder when 15 is divided by d?
3
Let z be (-41)/(-4) + 2/(-8). Calculate the remainder when -1 + 0 + 1 + 13 is divided by 4/6*105/z.
6
Suppose -2 - 22 = -4*w. Calculate the remainder when 148/w - (-4)/12 is divided by 13.
12
Let j(h) = h**3 + 8*h**2 + 8. Let p be j(-8). Let u(n) = n**2 - 5*n - 9. What is the remainder when 43 is divided by u(p)?
13
Let i = -154 + 231. What is the remainder when i is divided by 26?
25
Suppose 0 = -q + 5*m - m - 118, -5 = -m. What is the remainder when q/(-3) + 1/3 is divided by 17?
16
Let f be 2/(-3)*(-54)/(-12). Calculate the remainder when (f/(-1) - 85)/(-2) is divided by 21.
20
What is the remainder when 4 + -4 + 39 + -4 is divided by 6?
5
Let x(p) = -8*p. Let i be x(-3). Let h be ((-282)/i)/((-1)/4). Suppose -2*g + 3 = -h. What is the remainder when g is divided by 9?
7
Let v = 0 + 2. Suppose 2*c + 5 = -v*o + 41, -2*c = -4*o + 60. Let g(m) = 3*m. Calculate the remainder when o is divided by g(2).
4
Let q = -10 + 16. Suppose c - 33 = -q. What is the remainder when c is divided by 10?
7
Let s = -44 + 88. Let j = s - 26. What is the remainder when (-1)/(-1) - (-50 - 1) is divided by j?
16
Let t = 7 + -6. Let m = -5 + t. What is the remainder when 38 is divided by 78/m*(-6)/9?
12
Let c = -186 + 110. Let w = -41 - c. What is the remainder when w is divided by 12?
11
What is the remainder when 67 is divided by -2 + (24 - -2) - 1?
21
Suppose 8 + 16 = 3*r. What is the remainder when 13 is divided by r?
5
Let w(t) = -t - 6. Let a be w(-8). Let y(r) = -3*r - 4 + 2*r + a*r - 4. What is the remainder when 11 is divided by y(11)?
2
Suppose 4*l - t = 203, -4*t = l - 0*l - 38. Calculate the remainder when l is divided by 26.
24
Calculate the remainder when 219 is divided by (-1)/(-13)*717 - 36/234.
54
Calculate the remainder when (-3)/(-6)*(106 + 0) is divided by 14.
11
Suppose 0 = -8*c - 2*c + 890. What is the remainder when c is divided by 45?
44
Suppose b - 1 = 5*o, -2*b + 2 = o - 3*o. Suppose 4*l - 17 = -b. What is the remainder when 11 is divided by l?
3
Let g = 50 + 4. Calculate the remainder when g is divided by 14.
12
Let c(m) = -m**3 + 7*m**2 - 8*m - 3. Calculate the remainder when c(4) is divided by (-7)/(-2) + 9/6.
3
Suppose 0 = 4*r + v + 1, -3*r - 4*v + 0*v = 17. What is the remainder when 27 is divided by (31 + r)/4 + -1?
6
Let d = 3 + 6. Suppose 2*j - d = -j. Suppose -2*l - 25 = -5*m - 7*l, -3*l + 11 = -m. Calculate the remainder when j is divided by m.
0
Suppose -60 = 2*t - 174. Suppose 0 = -0*i - 3*i. What is the remainder when t is divided by 15 + i*-1*1?
12
Suppose 4*d = -d + v + 241, -2 = 2*v. What is the remainder when d is divided by 13?
9
Let y(b) = -b + 13. Let a(q) = q**3 + 12*q**2 - 12*q + 19. Let v be a(-13). Calculate the remainder when 18 is divided by y(v).
4
Let h(d) = 6*d. Suppose v = 5*b + 24, -v + b + 11 = -21. What is the remainder when v is divided by h(2)?
10
Let r be ((-1)/3)/((-7)/1281). Suppose -3*j = 4*d + 2*j - r, 0 = -3*d + 4*j + 38. Calculate the remainder when d is divided by 5.
4
Suppose 2*c + 2*c + 32 = 0. Let l(p) = 2*p**2 + 10*p - 11. Calculate the remainder when l(c) is divided by 19.
18
Let p = 6 - 1. Let s = -29 + 20. Let j = s - -17. What is the remainder when j is divided by p?
3
Suppose 76 - 10 = 3*a. Calculate the remainder when a is divided by 5.
2
Let i(u) = -u**3 - 13*u**2 + 2*u + 7. Let a be i(-13). Calculate the remainder when -1*(2/(-1) + a) is divided by 6.
3
Let b(n) = 3*n**2 - 2*n + 4. What is the remainder when b(-5) is divided by 46?
43
Suppose 2*z - u = -21, -5*u - 36 - 27 = 4*z. Let d = z - -17. Suppose 5*t = q - 3, 27 = d*q - 3*t - 32. What is the remainder when 24 is divided by q?
11
Let t = 5 - -2. What is the remainder when 17 - 1 - (-9)/(-3) is divided by t?
6
Suppose 5*k + 7 = -3. Calculate the remainder when (5/k)/((-6)/12) is divided by 3.
2
Let q(u) = u**3 + 7*u**2 + 8*u + 18. Calculate the remainder when 9 is divided by q(-6).
3
Suppose -8*z + 17*z - 108 = 0. What is the remainder when z is divided by 3?
0
Suppose -t = -28 - 7. Let m = 79 - t. Suppose -5*o = -4*s + 41, -4*s - o + m = 9. Calculate the remainder when s is divided by 5.
4
Suppose -4*t = -158 + 58. What is the remainder when t is divided by 12?
1
Let s be (-243)/7 - 16/56. What is the remainder when 2/(-4) - s/2 is divided by 5?
2
Let j = 46 + -21. Suppose 29*a = 39*a - 100. Calculate the remainder when j is divided by a.
5
Let j = -4 + 2. Suppose q + 5*i = 31, 5*q - 13 = i + 12. What is the remainder when j*(17/2)/(-1) is divided by q?
5
Calculate the remainder when 46/207 + (-1562)/(-18) is divided by 44/3*6/4.
21
Let c(f) = -f. Let b be c(3). Calculate the remainder when b/((-7)/4 + 1) is divided by 3.
1
Let l(t) = -9*t + 66. Let d(m) = -m**3 + 7*m**2 - 4*m - 4. What is the remainder when d(6) is divided by l(7)?
2
Suppose 15 - 87 = -4*s. Suppose 29 = 5*t - 1. Calculate the remainder when -2 + 0 + t*6 is divided by s.
16
Calculate the remainder when 0 - 0 - -3 - 1704/(-24) is divided by 19.
17
Let a = -4 + 18. Let x be (-92)/(-24) - 1/(-6). Suppose -p - 4*q + q - x = 0, -5*p + 3*q + 52 = 0. What is the remainder when a is divided by p?
6
Let h be (-5 - (0 - 1))*-1. Suppose 80 = h*a - 2*a. What is the remainder when a is divided by (9 + -12)*(-42)/9?
12
Let x be (3/3)/((-3)/15). Let i(f) = -2*f - 6. Calculate the remainder when 6 is divided by i(x).
2
Let p = 4 + 13. Suppose h = -3*h + 968. Suppose 7*r - 2*r - 5*y = 240, -5*r = -3*y - h. What is the remainder when r is divided by p?
15
Let s(n) be the third derivative of -n**5/60 + 7*n**4/24 - 2*n**3/3 + 3*n**2. What is the remainder when 13 is divided by s(3)?
5
Let i(g) = 5*g**3 + 2*g**2 - g + 1. Let h be i(2). Let c = h + -25. Calculate the remainder when 86 is divided by c.
20
Suppose 0 = -3*w - 6 - 0. Let b(z) = -3*z**3 - z**2 - 2*z - 1. Suppose y = 9 - 1. What is the remainder when b(w) is divided by y?
7
Let p = 87 + -81. Calculate the remainder when p is divided by 3.
0
Suppose -2*y + 20 = 4*g, -4*y + 11 + 21 = 4*g. What is the remainder when 10 is divided by y?
4
Suppose -5*i + 4*i + 163 = a, -5*i + 10 = 0. Calculate the remainder when a is divided by 41.
38
Suppose 0 = 2*o - w + 161, 3*o + 16 = w - 223. Let r = o + 142. Calculate the remainder when r is divided by 13.
12
Suppose -q - 21 = -2*q. What is the remainder when 59 is divided by q?
17
Suppose -3*s - 3 = -0*s. What is the remainder when 53 is divided by 1*(52/4 - s)?
11
Let c = 22 + 9. Calculate the remainder when c is divided by 15.
1
Let b be 89 + 1/(-1) + -1. Suppose n - 2*n = -b. What is the remainder when n is divided by 22?
21
What is the remainder when 13 is divided by 5 + -1 + 0 + 0?
1
Suppose -u - 4*